uppose 0 = -3*b - 2*a + 7, 3*b - 9 = 4*a + 4. Suppose -21 = -2*k + 2*w - b*w, -4*w = -4*k + 12. Suppose k*q - 72 = 128. Is 5 a factor of q?
True
Let t(u) = u + 6. Let g be t(-6). Suppose 11*c = -22 - g. Let n(b) = -93*b + 3. Is 29 a factor of n(c)?
False
Suppose -2*v + 362 = -456. Let p = v - 188. Is 26 a factor of p?
False
Does 93 divide (189/15)/((-66)/(-130790))?
False
Suppose -99*g - 2*s + 140424 = -94*g, 4*g - 112326 = 5*s. Is g a multiple of 118?
True
Let s(h) be the third derivative of 9*h**5/20 + 7*h**4/24 - 7*h**3/3 + h**2. Is s(2) a multiple of 6?
True
Suppose 7*j - 5*j + 160 = 0. Let g = -70 - j. Let v(c) = c**3 - 11*c**2 + 12*c - 15. Is v(g) a multiple of 4?
False
Suppose -5827*m = -5821*m - 39150. Is 145 a factor of m?
True
Let y(g) = g**2 - 3*g + 14. Let j be (-4)/1 + (-9 - -15) - -3. Does 8 divide y(j)?
True
Suppose 81 = -z - 89. Does 58 divide (0 - (-1595 - 0))*(-68)/z?
True
Let x = -443 - -577. Is 134 a factor of x?
True
Suppose 0 = -9*y + 59 - 194. Let i be 101 + (-15)/(y/3). Suppose 8*k - i = 104. Is 14 a factor of k?
False
Let z = 809 + 1. Does 30 divide z?
True
Suppose y + 58 = 3*y - 4*v, 129 = 5*y - 2*v. Let s = 26 - 28. Let d = s + y. Is d a multiple of 6?
False
Let m(p) = -1471*p + 1745. Is m(-1) a multiple of 2?
True
Let h(t) = 117*t + 315. Is 40 a factor of h(25)?
True
Suppose -2*f - 73 = 2*t - 627, 568 = 2*t - 5*f. Let a = t - -19. Is 20 a factor of a?
False
Let p(r) = 2*r**2 - 3*r - 7. Let b be p(5). Suppose 10 = w + 4*h - 10, 0 = 2*w + 4*h - b. Suppose w = 4*y - 72. Is 3 a factor of y?
False
Let t(z) = 13*z**3 + 20*z**2 - 23*z + 82. Does 5 divide t(10)?
False
Let g be (120/21)/1 - 4/(-14). Suppose -21*a + 23*a = -g. Is -4*(-2)/6*(-81)/a a multiple of 18?
True
Suppose 0 = -83*c + 15920 + 52970. Does 69 divide c?
False
Let x be 10 - (-49432)/32 - (-1)/4. Suppose 3*z + 4*i = x + 273, 5*z = -i + 3024. Is z a multiple of 25?
False
Let h = -62 + 756. Let g = 1315 - h. Is 52 a factor of g?
False
Let r(m) = 2*m**3 - 19*m**2 - 330*m + 28. Does 11 divide r(23)?
True
Let l = -4071 + 4116. Is l a multiple of 17?
False
Let s(n) = 344*n**2 - 115*n + 11. Does 2 divide s(-3)?
True
Let m(g) = 11*g**2 + 26*g + 152. Does 90 divide m(-7)?
False
Suppose j + 10 = 6*j. Suppose -j*w - 29 = -15. Let r = 265 - w. Is 42 a factor of r?
False
Let k = -455 + 455. Is 39 a factor of (-6 - k)/((-4)/582)?
False
Let w = -2843 + 2996. Let n(o) = -5*o - 6. Let m be n(-6). Suppose 21*i + w = m*i. Is 6 a factor of i?
False
Suppose 5*p - 5871 = -5*s + 5864, 0 = s - 4*p - 2342. Is s a multiple of 17?
True
Suppose -56*n = -41319 - 1465. Is 4 a factor of n?
True
Let v = -255 - -116. Let o = v + 98. Let b = 50 + o. Does 3 divide b?
True
Let s(w) = -29 - 198 - 65 - 3 - 7*w - 11*w. Is 13 a factor of s(-33)?
True
Suppose 0*a = 3*a + 5*y - 1350, 2*a - y = 874. Is a even?
True
Suppose -6 = n - 3*n. Suppose 0*j + 2*i - 12 = j, 4*j + 43 = n*i. Let g(k) = 2*k**2 + 11*k - 15. Does 26 divide g(j)?
False
Let c(a) = 1765*a**2 + 106*a + 212. Does 33 divide c(-2)?
False
Let t = -11 + 11. Suppose t = 6*k + 271 - 799. Suppose -112 = -10*x + k. Does 10 divide x?
True
Let r = 2011 + 689. Suppose -36*k = -30*k - r. Does 11 divide k?
False
Suppose 0 = -x + 6, o = -24*x + 23*x + 22578. Is 132 a factor of o?
True
Let y(t) = -5*t - 2. Let q(o) = -o**2 + 5*o - 12. Let d be q(5). Let v be y(d). Suppose -3*b - v = -97. Is 13 a factor of b?
True
Let j(l) = -2*l**3 + 83*l**2 + 132*l - 33. Let f be j(43). Let y be 270/(-4) - 1/2. Let c = f + y. Is c a multiple of 7?
True
Let u be 88/(-22) + -1 + 20/2. Suppose -1925 = -2*r - u*j, r - 85 - 873 = 2*j. Is r a multiple of 64?
True
Is (-1 - 5)*(-7833 - 160) a multiple of 44?
False
Suppose -w - 2*o + 4*o + 381 = 0, -1088 = -3*w - 5*o. Is w a multiple of 53?
True
Let x = 156 - 185. Is 34 a factor of (x/(-4))/(1*(-5)/(-240))?
False
Suppose 4*r = -3*y + 12037, -5*y - 8496 - 3485 = -4*r. Does 11 divide r?
False
Let u(y) = y**3 + 8*y**2 - 304*y - 46. Is 35 a factor of u(23)?
False
Suppose 16*d - 162 = 7*d. Is 5 a factor of -5 - -39 - d/(-3)?
True
Let j(s) = -s**3 - 2*s**2 + 4. Let w be j(-2). Suppose -5*n - 445 = -2*f, -2*f - 657 = -5*f + w*n. Is 10 a factor of f?
False
Let m = 48 + -46. Let t = -69 + 274. Suppose -4*o + 4*k = -184, 5*o - m*k - t = 19. Does 22 divide o?
True
Let n be (6/6)/(2/754). Let b = -1 + n. Is 14 a factor of b?
False
Suppose -65*h + 67*h + 148952 = 5*s, -2*s - 5*h + 59546 = 0. Does 11 divide s?
True
Let a(w) = 17523*w**3 + w**2 + 1. Does 25 divide a(1)?
True
Let p(g) = 2*g + 50. Let o be p(-8). Suppose 0 = x + 5*r - o, 4*x - 4*r - r - 111 = 0. Is 6 a factor of x?
False
Suppose 123946 = 86*i - 115994. Is 7 a factor of i?
False
Suppose 0 = 4*a + 4*k - 12, -8*a + 2*k - 6 = -5*a. Suppose 10*f - 4*f - 12 = a. Suppose f*w - 302 = 40. Is 25 a factor of w?
False
Let t(f) = -4*f - 2. Let u be t(-8). Suppose -a = 5*a + u. Is 68 + (3 - (-4 - a)) a multiple of 14?
True
Let g(l) = 352*l**2 + 37*l + 64. Is g(-5) a multiple of 263?
True
Let y(b) be the third derivative of -b**5/60 - 11*b**4/8 + 14*b**3/3 - 101*b**2. Does 49 divide y(-19)?
True
Let b(c) = -c**3 + 5*c**2 - 2*c + 451. Let z be b(0). Is 23*((-82)/z + (-35)/(-11)) a multiple of 4?
False
Suppose 0 = -5*x + 586 + 1134. Let y = x + -212. Does 11 divide y?
True
Let p be (-4)/(-2) + 0 + -6. Let x be (4 - (-16)/p)/(-1). Suppose -b + 53 + 22 = x. Does 15 divide b?
True
Let y be ((-70)/(-28))/(1/118). Suppose -4*m = 4*z - 99 + 391, 0 = 4*m + 5*z + y. Is 39 a factor of 314/8 + (-9 - m/8)?
True
Suppose 7*x - 29106 = -28*x + 2*x. Does 8 divide x?
False
Let b = 34 - 29. Suppose b*z - 2*o + 34 = -3*o, -4*o = 5*z + 46. Let n(d) = -2*d**3 - 12*d**2 - 8*d + 2. Does 10 divide n(z)?
True
Suppose -2*h - 83 = 33. Let m be h*(-2 + 2 - 9). Does 5 divide m/30 - (-6)/(-15)?
False
Suppose 9*h + h - 27900 = 0. Suppose 133*s - 138*s + h = 0. Is s a multiple of 55?
False
Let d = 68 - 59. Suppose 5*i - d*i + 320 = 0. Suppose 3*c - c = i. Is c a multiple of 7?
False
Let t(r) = -2*r**2 + 92*r - 10. Let a = 28 + 13. Is t(a) a multiple of 40?
True
Let y(i) = -9*i**3 + 3*i**2 + 24*i + 169. Let b(o) = -3*o**3 + o**2 + 8*o + 56. Let m(s) = 7*b(s) - 2*y(s). Does 30 divide m(-5)?
False
Let m = -525 - 133. Let w = -450 - m. Is w a multiple of 8?
True
Let b(i) = -14*i**2 + 502*i - 48. Does 12 divide b(12)?
True
Let c(z) = -10*z**3 + 4*z**2 - 6*z + 32. Is c(-9) a multiple of 82?
False
Let z = 1642 + 452. Is z a multiple of 3?
True
Let a = -5 + 4. Let b be (a - 4)*5/(25/(-4)). Suppose -b*y - 27 = -187. Is y a multiple of 20?
True
Suppose -s + 5 = 0, 14*s = -3*w + 11*s - 822. Let r = w + 283. Is r a multiple of 4?
True
Suppose -5*s + 4*p = -40146, -14*s + 13*s + 2*p = -8022. Does 20 divide s?
False
Let v = 27787 + -23627. Is v a multiple of 65?
True
Let d(v) = -14*v**3 - 26*v**2 + 17*v - 11. Is 2 a factor of d(-6)?
False
Let r(i) = 207*i - 115. Is 83 a factor of r(19)?
True
Does 34 divide ((-17610)/(-25))/((-252)/85 + 3)?
True
Suppose 5*j - 705 = -5*c, -j + 423 = 3*c - 0*c. Suppose x = 14*r - 11*r + 54, -2*x + c = 5*r. Is 11 a factor of x?
False
Let j(i) = i**2 - 7*i - 15*i - 11*i + 80. Suppose 6*o - 2*o - 128 = -4*v, -2*o = 2. Does 40 divide j(v)?
True
Does 44 divide -4203*(2/(78/(-85)) - 4/26)?
False
Suppose 11*n - 9*n - 10*n = -80704. Is n a multiple of 13?
True
Let q(r) = 8*r + 2. Let z be ((-40)/6)/(3 + 32/(-12)). Let k be (-10)/2*12/z. Is q(k) a multiple of 16?
False
Let v(i) = -356*i - 345. Let w(u) = 177*u + 171. Let b(s) = -4*v(s) - 9*w(s). Does 12 divide b(-3)?
True
Let h(p) = -291 + p**2 - 4*p + 310 + p. Is h(0) a multiple of 14?
False
Let f(b) = 16*b**3 + 4*b**2 + 4*b - 11. Let h be f(4). Let m = -758 + h. Is 12 a factor of m?
False
Suppose -3*f - 4*s + 124 = -335, -3*s = 2*f - 307. Is 20 a factor of f?
False
Let f = -16 - 226. Let u = -168 - f. Is 5 a factor of u?
False
Let d(t) = 270*t**2 - 205*t - 1162. Is d(-6) a multiple of 67?
False
Suppose 7*a - 2*a = 510. Let y = 104 - a. Suppose -y*n = -5*n + 558. Does 37 divide n?
False
Suppose 8*g = 4*g + 5*w + 223, 0 = -5*g + 4*w + 290. Suppose 7*u - g = 50. Suppose -102 = -5*q + m, -48 = -3*q + 2*m + u. Does 10 divide q?
True
Let b(h) = -42*h**3 - 19*h**2 - 2*h - 22. Is 11 a factor of b(-5)?
True
Let d(t) be the second derivative of t**4/12 - 4*t**3/3 - 6*t